 is the remainder when 279 is divided by 35?
34
Calculate the remainder when 84 is divided by 29.
26
What is the remainder when 1580 is divided by 58?
14
Calculate the remainder when 899 is divided by 332.
235
What is the remainder when 212 is divided by 159?
53
What is the remainder when 447 is divided by 10?
7
Calculate the remainder when 1540 is divided by 37.
23
Calculate the remainder when 120 is divided by 56.
8
Calculate the remainder when 530 is divided by 515.
15
What is the remainder when 52 is divided by 44?
8
What is the remainder when 246 is divided by 50?
46
Calculate the remainder when 4316 is divided by 4304.
12
Calculate the remainder when 166 is divided by 29.
21
What is the remainder when 894 is divided by 152?
134
What is the remainder when 2267 is divided by 42?
41
Calculate the remainder when 5178 is divided by 14.
12
What is the remainder when 776 is divided by 41?
38
What is the remainder when 601 is divided by 126?
97
What is the remainder when 1049 is divided by 486?
77
Calculate the remainder when 5547 is divided by 146.
145
Calculate the remainder when 455 is divided by 12.
11
What is the remainder when 113 is divided by 25?
13
Calculate the remainder when 140 is divided by 24.
20
Calculate the remainder when 2278 is divided by 143.
133
What is the remainder when 5058 is divided by 72?
18
What is the remainder when 44284 is divided by 128?
124
What is the remainder when 115 is divided by 31?
22
What is the remainder when 143 is divided by 24?
23
What is the remainder when 447 is divided by 30?
27
What is the remainder when 1091 is divided by 92?
79
What is the remainder when 715 is divided by 40?
35
Calculate the remainder when 5004 is divided by 14.
6
What is the remainder when 349 is divided by 345?
4
What is the remainder when 180 is divided by 97?
83
Calculate the remainder when 297 is divided by 72.
9
Calculate the remainder when 348 is divided by 2.
0
What is the remainder when 9238 is divided by 66?
64
Calculate the remainder when 275 is divided by 25.
0
Calculate the remainder when 18580 is divided by 184.
180
What is the remainder when 243 is divided by 65?
48
What is the remainder when 117 is divided by 51?
15
What is the remainder when 8172 is divided by 2717?
21
Calculate the remainder when 1305 is divided by 324.
9
What is the remainder when 106237 is divided by 332?
329
Calculate the remainder when 1266 is divided by 68.
42
Calculate the remainder when 220 is divided by 74.
72
Calculate the remainder when 526 is divided by 15.
1
Calculate the remainder when 37 is divided by 24.
13
Calculate the remainder when 128 is divided by 92.
36
Calculate the remainder when 7725 is divided by 112.
109
Calculate the remainder when 506 is divided by 32.
26
Calculate the remainder when 388 is divided by 17.
14
Calculate the remainder when 84 is divided by 10.
4
What is the remainder when 122 is divided by 2?
0
What is the remainder when 402 is divided by 75?
27
What is the remainder when 4019 is divided by 48?
35
What is the remainder when 515 is divided by 65?
60
Calculate the remainder when 469 is divided by 234.
1
Calculate the remainder when 98 is divided by 11.
10
What is the remainder when 2547 is divided by 25?
22
What is the remainder when 141 is divided by 33?
9
What is the remainder when 135 is divided by 48?
39
Calculate the remainder when 8006 is divided by 52.
50
What is the remainder when 3226 is divided by 1074?
4
What is the remainder when 100 is divided by 22?
12
Calculate the remainder when 264 is divided by 14.
12
Calculate the remainder when 1492 is divided by 11.
7
What is the remainder when 526 is divided by 8?
6
What is the remainder when 216 is divided by 93?
30
What is the remainder when 610 is divided by 302?
6
What is the remainder when 778 is divided by 88?
74
Calculate the remainder when 75 is divided by 50.
25
Calculate the remainder when 166 is divided by 42.
40
What is the remainder when 2621 is divided by 19?
18
What is the remainder when 662 is divided by 51?
50
What is the remainder when 1560 is divided by 195?
0
Calculate the remainder when 7392 is divided by 164.
12
Calculate the remainder when 657 is divided by 66.
63
What is the remainder when 60 is divided by 13?
8
What is the remainder when 2271 is divided by 142?
141
What is the remainder when 39 is divided by 3?
0
Calculate the remainder when 251 is divided by 40.
11
Calculate the remainder when 547 is divided by 29.
25
What is the remainder when 109 is divided by 66?
43
What is the remainder when 916 is divided by 102?
100
Calculate the remainder when 601 is divided by 103.
86
Calculate the remainder when 1837 is divided by 23.
20
What is the remainder when 1433 is divided by 418?
179
Calculate the remainder when 242 is divided by 69.
35
Calculate the remainder when 524 is divided by 17.
14
What is the remainder when 3424 is divided by 35?
29
Calculate the remainder when 61 is divided by 43.
18
What is the remainder when 166 is divided by 42?
40
What is the remainder when 605 is divided by 136?
61
What is the remainder when 395 is divided by 124?
23
What is the remainder when 64 is divided by 41?
23
Calculate the remainder when 1372 is divided by 63.
49
Calculate the remainder when 114 is divided by 39.
36
What is the remainder when 396 is divided by 101?
93
Calculate the remainder when 347 is divided by 30.
17
What is the remainder when 404 is divided by 58?
56
Calculate the remainder when 76370 is divided by 244.
242
What is the remainder when 152 is divided by 108?
44
Calculate the remainder when 2377 is divided by 140.
137
Calculate the remainder when 1092 is divided by 334.
90
What is the remainder when 312 is divided by 76?
8
Calculate the remainder when 65 is divided by 17.
14
What is the remainder when 4579 is divided by 10?
9
Calculate the remainder when 485 is divided by 34.
9
Calculate the remainder when 35 is divided by 3.
2
What is the remainder when 5579 is divided by 45?
44
What is the remainder when 1104 is divided by 41?
38
Calculate the remainder when 154 is divided by 48.
10
What is the remainder when 173 is divided by 15?
8
What is the remainder when 44 is divided by 27?
17
What is the remainder when 1532 is divided by 64?
60
What is the remainder when 1300 is divided by 425?
25
Calculate the remainder when 1027 is divided by 113.
10
What is the remainder when 41 is divided by 30?
11
What is the remainder when 125 is divided by 83?
42
Calculate the remainder when 96 is divided by 46.
4
What is the remainder when 4286 is divided by 13?
9
Calculate the remainder when 925 is divided by 116.
113
Calculate the remainder when 1217 is divided by 29.
28
What is the remainder when 500 is divided by 36?
32
What is the remainder when 151 is divided by 24?
7
What is the remainder when 2725 is divided by 388?
9
Calculate the remainder when 2848 is divided by 7.
6
What is the remainder when 20391 is divided by 103?
100
Calculate the remainder when 9609 is divided by 12.
9
Calculate the remainder when 228 is divided by 117.
111
What is the remainder when 9717 is divided by 24?
21
What is the remainder when 54 is divided by 44?
10
What is the remainder when 645 is divided by 24?
21
Calculate the remainder when 172 is divided by 22.
18
Calculate the remainder when 143 is divided by 25.
18
Calculate the remainder when 1647 is divided by 30.
27
Calculate the remainder when 704 is divided by 399.
305
What is the remainder when 1392 is divided by 37?
23
What is the remainder when 368 is divided by 44?
16
Calculate the remainder when 946 is divided by 73.
70
Calculate the remainder when 833 is divided by 84.
77
Calculate the remainder when 4553 is divided by 147.
143
What is the remainder when 18 is divided by 8?
2
Calculate the remainder when 10524 is divided by 112.
108
What is the remainder when 340 is divided by 165?
10
Calculate the remainder when 147 is divided by 45.
12
What is the remainder when 57 is divided by 18?
3
Calculate the remainder when 949 is divided by 14.
11
Calculate the remainder when 608 is divided by 61.
59
Calculate the remainder when 417 is divided by 38.
37
What is the remainder when 237 is divided by 12?
9
Calculate the remainder when 718 is divided by 118.
10
Calculate the remainder when 46 